{"id":108315,"date":"2025-05-14T11:14:27","date_gmt":"2025-05-14T09:14:27","guid":{"rendered":"https:\/\/praxi.gr\/homepage\/?post_type=product&#038;p=108315"},"modified":"2025-05-14T11:19:08","modified_gmt":"2025-05-14T09:19:08","slug":"hotronix-auto-open-cap","status":"publish","type":"product","link":"https:\/\/praxi.gr\/homepage\/shop\/%cf%80%cf%81%ce%b5%cf%83%ce%b5%cf%82-%ce%b8%ce%b5%cf%81%ce%bc%ce%bf%ce%bc%ce%b5%cf%84%ce%b1%cf%86%ce%bf%cf%81%ce%b1%cf%82\/hotronix-auto-open-cap\/","title":{"rendered":"Hotronix Auto Open Cap"},"content":{"rendered":"","protected":false},"excerpt":{"rendered":"<h3 data-start=\"189\" data-end=\"214\">\u0392\u03b1\u03c3\u03b9\u03ba\u03ac \u03a7\u03b1\u03c1\u03b1\u03ba\u03c4\u03b7\u03c1\u03b9\u03c3\u03c4\u03b9\u03ba\u03ac<\/h3>\n<p data-start=\"216\" data-end=\"260\"><strong data-start=\"216\" data-end=\"244\">TECHNICAL SPECIFICATIONS<\/strong>\u2003\u2003<strong data-start=\"246\" data-end=\"260\">HOTRONIX\u00ae AUTO OPEN CAP<\/strong><\/p>\n<p data-start=\"114\" data-end=\"138\"><strong>\u0394\u03b9\u03b1\u03b8\u03ad\u03c3\u03b9\u03bc\u03b1 \u03bc\u03b5\u03b3\u03ad\u03b8\u03b7 \u03c0\u03bb\u03ac\u03ba\u03b1\u03c2:<\/strong><\/p>\n<ul data-start=\"140\" data-end=\"294\">\n<li data-start=\"140\" data-end=\"216\">\n<p data-start=\"142\" data-end=\"216\"><span class=\"relative -mx-px my-[-0.2rem] rounded px-px py-[0.2rem] transition-colors duration-100 ease-in-out\">3.5&#8243; \u00d7 6&#8243; (8.9 \u00d7 15.2 cm)<\/span><\/p>\n<\/li>\n<li data-start=\"218\" data-end=\"294\">\n<p data-start=\"220\" data-end=\"294\"><span class=\"relative -mx-px my-[-0.2rem] rounded px-px py-[0.2rem] transition-colors duration-100 ease-in-out\">3.5&#8243; \u00d7 7&#8243; (8.9 \u00d7 17.8 cm)<\/span><\/p>\n<\/li>\n<\/ul>\n<p data-start=\"296\" data-end=\"399\"><strong>\u03a1\u03c5\u03b8\u03bc\u03b9\u03b6\u03cc\u03bc\u03b5\u03bd\u03b7 \u03b8\u03b5\u03c1\u03bc\u03bf\u03ba\u03c1\u03b1\u03c3\u03af\u03b1: <\/strong><span class=\"relative -mx-px my-[-0.2rem] rounded px-px py-[0.2rem] transition-colors duration-100 ease-in-out\">79\u00b0C \u03ad\u03c9\u03c2 220\u00b0C<\/span><\/p>\n<p data-start=\"401\" data-end=\"491\"><strong>\u03a7\u03c1\u03bf\u03bd\u03cc\u03bc\u03b5\u03c4\u03c1\u03bf: <\/strong><span class=\"relative -mx-px my-[-0.2rem] rounded px-px py-[0.2rem] transition-colors duration-100 ease-in-out\">1\u2013999 \u03b4\u03b5\u03c5\u03c4\u03b5\u03c1\u03cc\u03bb\u03b5\u03c0\u03c4\u03b1 (\u03b4\u03b9\u03c0\u03bb\u03cc \u03c7\u03c1\u03bf\u03bd\u03cc\u03bc\u03b5\u03c4\u03c1\u03bf \u03b3\u03b9\u03b1 \u03b5\u03c6\u03b1\u03c1\u03bc\u03bf\u03b3\u03ad\u03c2 \u03b4\u03cd\u03bf \u03b2\u03b7\u03bc\u03ac\u03c4\u03c9\u03bd)<\/span><\/p>\n<p data-start=\"493\" data-end=\"592\"><strong>\u03a4\u03c1\u03bf\u03c6\u03bf\u03b4\u03bf\u03c3\u03af\u03b1 \u03c1\u03b5\u03cd\u03bc\u03b1\u03c4\u03bf\u03c2:<\/strong> <span class=\"relative -mx-px my-[-0.2rem] rounded px-px py-[0.2rem] transition-colors duration-100 ease-in-out\">230 Volt, 50 Hz, \u03bc\u03bf\u03bd\u03bf\u03c6\u03b1\u03c3\u03b9\u03ba\u03ae<\/span><\/p>\n<p data-start=\"594\" data-end=\"691\"><strong>\u039a\u03b1\u03c4\u03b1\u03bd\u03ac\u03bb\u03c9\u03c3\u03b7 \u03b9\u03c3\u03c7\u03cd\u03bf\u03c2:<\/strong> <span class=\"relative -mx-px my-[-0.2rem] rounded px-px py-[0.2rem] transition-colors duration-100 ease-in-out\">500 W (4.5 Amp)<\/span><\/p>\n<p data-start=\"693\" data-end=\"785\"><strong>\u039a\u03b1\u03b8\u03b1\u03c1\u03cc \u03b2\u03ac\u03c1\u03bf\u03c2:<\/strong> <span class=\"relative -mx-px my-[-0.2rem] rounded px-px py-[0.2rem] transition-colors duration-100 ease-in-out\">14 kg<\/span><\/p>\n<p data-start=\"787\" data-end=\"889\"><strong>\u0394\u03b9\u03b1\u03c3\u03c4\u03ac\u03c3\u03b5\u03b9\u03c2 \u03c3\u03c5\u03c3\u03ba\u03b5\u03c5\u03b1\u03c3\u03af\u03b1\u03c2:<\/strong> <span class=\"relative -mx-px my-[-0.2rem] rounded px-px py-[0.2rem] transition-colors duration-100 ease-in-out\">66 \u00d7 38 \u00d7 53 cm<\/span><\/p>\n<p data-start=\"891\" data-end=\"906\"><strong>\u03a7\u03b1\u03c1\u03b1\u03ba\u03c4\u03b7\u03c1\u03b9\u03c3\u03c4\u03b9\u03ba\u03ac:<\/strong><\/p>\n<ul data-start=\"908\" data-end=\"1644\">\n<li data-start=\"908\" data-end=\"988\">\n<p data-start=\"910\" data-end=\"988\"><span class=\"relative -mx-px my-[-0.2rem] rounded px-px py-[0.2rem] transition-colors duration-100 ease-in-out\">\u03a8\u03b7\u03c6\u03b9\u03b1\u03ba\u03cc\u03c2 \u03ad\u03bb\u03b5\u03b3\u03c7\u03bf\u03c2 \u03c7\u03c1\u03cc\u03bd\u03bf\u03c5, \u03b8\u03b5\u03c1\u03bc\u03bf\u03ba\u03c1\u03b1\u03c3\u03af\u03b1\u03c2 \u03ba\u03b1\u03b9 \u03c0\u03af\u03b5\u03c3\u03b7\u03c2<\/span><\/p>\n<\/li>\n<li data-start=\"990\" data-end=\"1070\">\n<p data-start=\"992\" data-end=\"1070\"><span class=\"relative -mx-px my-[-0.2rem] rounded px-px py-[0.2rem] transition-colors duration-100 ease-in-out\">\u0391\u03bd\u03c4\u03b9\u03ba\u03bf\u03bb\u03bb\u03b7\u03c4\u03b9\u03ba\u03ae \u03ac\u03bd\u03c9 \u03c0\u03bb\u03ac\u03ba\u03b1 \u03c0\u03ac\u03c7\u03bf\u03c5\u03c2 \u00be&#8221;<\/span><\/p>\n<\/li>\n<li data-start=\"1072\" data-end=\"1152\">\n<p data-start=\"1074\" data-end=\"1152\"><span class=\"relative -mx-px my-[-0.2rem] rounded px-px py-[0.2rem] transition-colors duration-100 ease-in-out\">\u0395\u03cd\u03ba\u03bf\u03bb\u03b7 \u03c1\u03cd\u03b8\u03bc\u03b9\u03c3\u03b7 \u03c0\u03af\u03b5\u03c3\u03b7\u03c2 \u03bc\u03ad\u03c3\u03c9 \u03ba\u03b5\u03bd\u03c4\u03c1\u03b9\u03ba\u03bf\u03cd \u03bc\u03bf\u03c7\u03bb\u03bf\u03cd<\/span><\/p>\n<\/li>\n<li data-start=\"1154\" data-end=\"1234\">\n<p data-start=\"1156\" data-end=\"1234\"><span class=\"relative -mx-px my-[-0.2rem] rounded px-px py-[0.2rem] transition-colors duration-100 ease-in-out\">\u03a3\u03c5\u03bc\u03c0\u03b1\u03b3\u03ae\u03c2 \u03ba\u03b1\u03b9 \u03b5\u03cd\u03ba\u03bf\u03bb\u03b7 \u03c3\u03c4\u03b7 \u03c7\u03c1\u03ae\u03c3\u03b7 \u03c3\u03c7\u03b5\u03b4\u03af\u03b1\u03c3\u03b7<\/span><\/p>\n<\/li>\n<li data-start=\"1236\" data-end=\"1316\">\n<p data-start=\"1238\" data-end=\"1316\"><span class=\"relative -mx-px my-[-0.2rem] rounded px-px py-[0.2rem] transition-colors duration-100 ease-in-out\">\u0391\u03c5\u03c4\u03cc\u03bc\u03b1\u03c4\u03bf \u03ac\u03bd\u03bf\u03b9\u03b3\u03bc\u03b1 \u03bc\u03b5 \u03bc\u03b1\u03b3\u03bd\u03b7\u03c4\u03b9\u03ba\u03cc \u03bc\u03b7\u03c7\u03b1\u03bd\u03b9\u03c3\u03bc\u03cc<\/span><\/p>\n<\/li>\n<li data-start=\"1318\" data-end=\"1398\">\n<p data-start=\"1320\" data-end=\"1398\"><span class=\"relative -mx-px my-[-0.2rem] rounded px-px py-[0.2rem] transition-colors duration-100 ease-in-out\">\u0394\u03c5\u03bd\u03b1\u03c4\u03cc\u03c4\u03b7\u03c4\u03b1 \u03b1\u03bb\u03bb\u03b1\u03b3\u03ae\u03c2 \u03ba\u03ac\u03c4\u03c9 \u03c0\u03bb\u03ac\u03ba\u03b1\u03c2 \u03b3\u03b9\u03b1 \u03b4\u03b9\u03b1\u03c6\u03bf\u03c1\u03b5\u03c4\u03b9\u03ba\u03ac \u03bc\u03b5\u03b3\u03ad\u03b8\u03b7 \u03ba\u03b1\u03c0\u03ad\u03bb\u03c9\u03bd<\/span><\/p>\n<\/li>\n<li data-start=\"1400\" data-end=\"1480\">\n<p data-start=\"1402\" data-end=\"1480\"><span class=\"relative -mx-px my-[-0.2rem] rounded px-px py-[0.2rem] transition-colors duration-100 ease-in-out\">\u039a\u03b1\u03c4\u03b1\u03c3\u03ba\u03b5\u03c5\u03ae \u03b1\u03c0\u03cc \u03c7\u03ac\u03bb\u03c5\u03b2\u03b1 \u03c5\u03c8\u03b7\u03bb\u03ae\u03c2 \u03c0\u03bf\u03b9\u03cc\u03c4\u03b7\u03c4\u03b1\u03c2 \u03bc\u03b5 \u03b1\u03bd\u03b8\u03b5\u03ba\u03c4\u03b9\u03ba\u03ae \u03b5\u03c0\u03af\u03c3\u03c4\u03c1\u03c9\u03c3\u03b7<\/span><\/p>\n<\/li>\n<\/ul>\n","protected":false},"featured_media":108316,"template":"","meta":{"_acf_changed":false},"product_brand":[],"product_cat":[1230],"product_tag":[],"class_list":{"0":"post-108315","1":"product","2":"type-product","3":"status-publish","4":"has-post-thumbnail","6":"product_cat-1230","7":"tm-no-options","9":"first","10":"instock","11":"taxable","12":"shipping-taxable","13":"product-type-simple"},"composite_virtual":false,"composite_layout":"","composite_add_to_cart_form_location":"","composite_editable_in_cart":false,"composite_sold_individually_context":"","composite_shop_price_calc":"","composite_components":[],"composite_scenarios":[],"acf":[],"yoast_head":"<!-- This site is optimized with the Yoast SEO plugin v26.9 - https:\/\/yoast.com\/product\/yoast-seo-wordpress\/ -->\n<title>Hotronix Auto Open Cap - \u03a0\u03a1\u0391\u039e\u0397<\/title>\n<meta name=\"robots\" content=\"index, follow, max-snippet:-1, max-image-preview:large, max-video-preview:-1\" \/>\n<link rel=\"canonical\" href=\"https:\/\/praxi.gr\/homepage\/shop\/\u03c0\u03c1\u03b5\u03c3\u03b5\u03c2-\u03b8\u03b5\u03c1\u03bc\u03bf\u03bc\u03b5\u03c4\u03b1\u03c6\u03bf\u03c1\u03b1\u03c2\/hotronix-auto-open-cap\/\" \/>\n<meta property=\"og:locale\" content=\"el_GR\" \/>\n<meta property=\"og:type\" content=\"article\" \/>\n<meta property=\"og:title\" content=\"Hotronix Auto Open Cap - \u03a0\u03a1\u0391\u039e\u0397\" \/>\n<meta property=\"og:description\" content=\"\u0392\u03b1\u03c3\u03b9\u03ba\u03ac \u03a7\u03b1\u03c1\u03b1\u03ba\u03c4\u03b7\u03c1\u03b9\u03c3\u03c4\u03b9\u03ba\u03ac TECHNICAL SPECIFICATIONS\u2003\u2003HOTRONIX\u00ae AUTO OPEN CAP \u0394\u03b9\u03b1\u03b8\u03ad\u03c3\u03b9\u03bc\u03b1 \u03bc\u03b5\u03b3\u03ad\u03b8\u03b7 \u03c0\u03bb\u03ac\u03ba\u03b1\u03c2:     3.5&quot; \u00d7 6&quot; (8.9 \u00d7 15.2 cm)    3.5&quot; \u00d7 7&quot; (8.9 \u00d7 17.8 cm)   \u03a1\u03c5\u03b8\u03bc\u03b9\u03b6\u03cc\u03bc\u03b5\u03bd\u03b7 \u03b8\u03b5\u03c1\u03bc\u03bf\u03ba\u03c1\u03b1\u03c3\u03af\u03b1: 79\u00b0C \u03ad\u03c9\u03c2 220\u00b0C \u03a7\u03c1\u03bf\u03bd\u03cc\u03bc\u03b5\u03c4\u03c1\u03bf: 1\u2013999 \u03b4\u03b5\u03c5\u03c4\u03b5\u03c1\u03cc\u03bb\u03b5\u03c0\u03c4\u03b1 (\u03b4\u03b9\u03c0\u03bb\u03cc \u03c7\u03c1\u03bf\u03bd\u03cc\u03bc\u03b5\u03c4\u03c1\u03bf \u03b3\u03b9\u03b1 \u03b5\u03c6\u03b1\u03c1\u03bc\u03bf\u03b3\u03ad\u03c2 \u03b4\u03cd\u03bf \u03b2\u03b7\u03bc\u03ac\u03c4\u03c9\u03bd) \u03a4\u03c1\u03bf\u03c6\u03bf\u03b4\u03bf\u03c3\u03af\u03b1 \u03c1\u03b5\u03cd\u03bc\u03b1\u03c4\u03bf\u03c2: 230 Volt, 50 Hz, \u03bc\u03bf\u03bd\u03bf\u03c6\u03b1\u03c3\u03b9\u03ba\u03ae \u039a\u03b1\u03c4\u03b1\u03bd\u03ac\u03bb\u03c9\u03c3\u03b7 \u03b9\u03c3\u03c7\u03cd\u03bf\u03c2: 500 W (4.5 Amp) \u039a\u03b1\u03b8\u03b1\u03c1\u03cc \u03b2\u03ac\u03c1\u03bf\u03c2: 14 kg \u0394\u03b9\u03b1\u03c3\u03c4\u03ac\u03c3\u03b5\u03b9\u03c2 \u03c3\u03c5\u03c3\u03ba\u03b5\u03c5\u03b1\u03c3\u03af\u03b1\u03c2: 66 \u00d7 38 \u00d7 53 cm \u03a7\u03b1\u03c1\u03b1\u03ba\u03c4\u03b7\u03c1\u03b9\u03c3\u03c4\u03b9\u03ba\u03ac:     \u03a8\u03b7\u03c6\u03b9\u03b1\u03ba\u03cc\u03c2 \u03ad\u03bb\u03b5\u03b3\u03c7\u03bf\u03c2 \u03c7\u03c1\u03cc\u03bd\u03bf\u03c5, \u03b8\u03b5\u03c1\u03bc\u03bf\u03ba\u03c1\u03b1\u03c3\u03af\u03b1\u03c2 \u03ba\u03b1\u03b9 \u03c0\u03af\u03b5\u03c3\u03b7\u03c2    \u0391\u03bd\u03c4\u03b9\u03ba\u03bf\u03bb\u03bb\u03b7\u03c4\u03b9\u03ba\u03ae \u03ac\u03bd\u03c9 \u03c0\u03bb\u03ac\u03ba\u03b1 \u03c0\u03ac\u03c7\u03bf\u03c5\u03c2 \u00be&quot;    \u0395\u03cd\u03ba\u03bf\u03bb\u03b7 \u03c1\u03cd\u03b8\u03bc\u03b9\u03c3\u03b7 \u03c0\u03af\u03b5\u03c3\u03b7\u03c2 \u03bc\u03ad\u03c3\u03c9 \u03ba\u03b5\u03bd\u03c4\u03c1\u03b9\u03ba\u03bf\u03cd \u03bc\u03bf\u03c7\u03bb\u03bf\u03cd    \u03a3\u03c5\u03bc\u03c0\u03b1\u03b3\u03ae\u03c2 \u03ba\u03b1\u03b9 \u03b5\u03cd\u03ba\u03bf\u03bb\u03b7 \u03c3\u03c4\u03b7 \u03c7\u03c1\u03ae\u03c3\u03b7 \u03c3\u03c7\u03b5\u03b4\u03af\u03b1\u03c3\u03b7    \u0391\u03c5\u03c4\u03cc\u03bc\u03b1\u03c4\u03bf \u03ac\u03bd\u03bf\u03b9\u03b3\u03bc\u03b1 \u03bc\u03b5 \u03bc\u03b1\u03b3\u03bd\u03b7\u03c4\u03b9\u03ba\u03cc \u03bc\u03b7\u03c7\u03b1\u03bd\u03b9\u03c3\u03bc\u03cc    \u0394\u03c5\u03bd\u03b1\u03c4\u03cc\u03c4\u03b7\u03c4\u03b1 \u03b1\u03bb\u03bb\u03b1\u03b3\u03ae\u03c2 \u03ba\u03ac\u03c4\u03c9 \u03c0\u03bb\u03ac\u03ba\u03b1\u03c2 \u03b3\u03b9\u03b1 \u03b4\u03b9\u03b1\u03c6\u03bf\u03c1\u03b5\u03c4\u03b9\u03ba\u03ac \u03bc\u03b5\u03b3\u03ad\u03b8\u03b7 \u03ba\u03b1\u03c0\u03ad\u03bb\u03c9\u03bd    \u039a\u03b1\u03c4\u03b1\u03c3\u03ba\u03b5\u03c5\u03ae \u03b1\u03c0\u03cc \u03c7\u03ac\u03bb\u03c5\u03b2\u03b1 \u03c5\u03c8\u03b7\u03bb\u03ae\u03c2 \u03c0\u03bf\u03b9\u03cc\u03c4\u03b7\u03c4\u03b1\u03c2 \u03bc\u03b5 \u03b1\u03bd\u03b8\u03b5\u03ba\u03c4\u03b9\u03ba\u03ae \u03b5\u03c0\u03af\u03c3\u03c4\u03c1\u03c9\u03c3\u03b7\" \/>\n<meta property=\"og:url\" content=\"https:\/\/praxi.gr\/homepage\/shop\/\u03c0\u03c1\u03b5\u03c3\u03b5\u03c2-\u03b8\u03b5\u03c1\u03bc\u03bf\u03bc\u03b5\u03c4\u03b1\u03c6\u03bf\u03c1\u03b1\u03c2\/hotronix-auto-open-cap\/\" \/>\n<meta property=\"og:site_name\" content=\"\u03a0\u03a1\u0391\u039e\u0397\" \/>\n<meta property=\"article:publisher\" content=\"https:\/\/www.facebook.com\/PRAXILTD\" \/>\n<meta property=\"article:modified_time\" content=\"2025-05-14T09:19:08+00:00\" \/>\n<meta property=\"og:image\" content=\"https:\/\/praxi.gr\/homepage\/wp-content\/uploads\/2025\/05\/Image-for-site-products-97.jpg\" \/>\n\t<meta property=\"og:image:width\" content=\"1000\" \/>\n\t<meta property=\"og:image:height\" content=\"847\" \/>\n\t<meta property=\"og:image:type\" content=\"image\/jpeg\" \/>\n<meta name=\"twitter:card\" content=\"summary_large_image\" \/>\n<meta name=\"twitter:label1\" content=\"\u0395\u03ba\u03c4\u03b9\u03bc\u03ce\u03bc\u03b5\u03bd\u03bf\u03c2 \u03c7\u03c1\u03cc\u03bd\u03bf\u03c2 \u03b1\u03bd\u03ac\u03b3\u03bd\u03c9\u03c3\u03b7\u03c2\" \/>\n\t<meta name=\"twitter:data1\" content=\"1 \u03bb\u03b5\u03c0\u03c4\u03cc\" \/>\n<script type=\"application\/ld+json\" class=\"yoast-schema-graph\">{\"@context\":\"https:\/\/schema.org\",\"@graph\":[{\"@type\":\"WebPage\",\"@id\":\"https:\/\/praxi.gr\/homepage\/shop\/%cf%80%cf%81%ce%b5%cf%83%ce%b5%cf%82-%ce%b8%ce%b5%cf%81%ce%bc%ce%bf%ce%bc%ce%b5%cf%84%ce%b1%cf%86%ce%bf%cf%81%ce%b1%cf%82\/hotronix-auto-open-cap\/\",\"url\":\"https:\/\/praxi.gr\/homepage\/shop\/%cf%80%cf%81%ce%b5%cf%83%ce%b5%cf%82-%ce%b8%ce%b5%cf%81%ce%bc%ce%bf%ce%bc%ce%b5%cf%84%ce%b1%cf%86%ce%bf%cf%81%ce%b1%cf%82\/hotronix-auto-open-cap\/\",\"name\":\"Hotronix Auto Open Cap - \u03a0\u03a1\u0391\u039e\u0397\",\"isPartOf\":{\"@id\":\"https:\/\/praxi.gr\/homepage\/#website\"},\"primaryImageOfPage\":{\"@id\":\"https:\/\/praxi.gr\/homepage\/shop\/%cf%80%cf%81%ce%b5%cf%83%ce%b5%cf%82-%ce%b8%ce%b5%cf%81%ce%bc%ce%bf%ce%bc%ce%b5%cf%84%ce%b1%cf%86%ce%bf%cf%81%ce%b1%cf%82\/hotronix-auto-open-cap\/#primaryimage\"},\"image\":{\"@id\":\"https:\/\/praxi.gr\/homepage\/shop\/%cf%80%cf%81%ce%b5%cf%83%ce%b5%cf%82-%ce%b8%ce%b5%cf%81%ce%bc%ce%bf%ce%bc%ce%b5%cf%84%ce%b1%cf%86%ce%bf%cf%81%ce%b1%cf%82\/hotronix-auto-open-cap\/#primaryimage\"},\"thumbnailUrl\":\"https:\/\/praxi.gr\/homepage\/wp-content\/uploads\/2025\/05\/Image-for-site-products-97.jpg\",\"datePublished\":\"2025-05-14T09:14:27+00:00\",\"dateModified\":\"2025-05-14T09:19:08+00:00\",\"breadcrumb\":{\"@id\":\"https:\/\/praxi.gr\/homepage\/shop\/%cf%80%cf%81%ce%b5%cf%83%ce%b5%cf%82-%ce%b8%ce%b5%cf%81%ce%bc%ce%bf%ce%bc%ce%b5%cf%84%ce%b1%cf%86%ce%bf%cf%81%ce%b1%cf%82\/hotronix-auto-open-cap\/#breadcrumb\"},\"inLanguage\":\"el\",\"potentialAction\":[{\"@type\":\"ReadAction\",\"target\":[\"https:\/\/praxi.gr\/homepage\/shop\/%cf%80%cf%81%ce%b5%cf%83%ce%b5%cf%82-%ce%b8%ce%b5%cf%81%ce%bc%ce%bf%ce%bc%ce%b5%cf%84%ce%b1%cf%86%ce%bf%cf%81%ce%b1%cf%82\/hotronix-auto-open-cap\/\"]}]},{\"@type\":\"ImageObject\",\"inLanguage\":\"el\",\"@id\":\"https:\/\/praxi.gr\/homepage\/shop\/%cf%80%cf%81%ce%b5%cf%83%ce%b5%cf%82-%ce%b8%ce%b5%cf%81%ce%bc%ce%bf%ce%bc%ce%b5%cf%84%ce%b1%cf%86%ce%bf%cf%81%ce%b1%cf%82\/hotronix-auto-open-cap\/#primaryimage\",\"url\":\"https:\/\/praxi.gr\/homepage\/wp-content\/uploads\/2025\/05\/Image-for-site-products-97.jpg\",\"contentUrl\":\"https:\/\/praxi.gr\/homepage\/wp-content\/uploads\/2025\/05\/Image-for-site-products-97.jpg\",\"width\":1000,\"height\":847},{\"@type\":\"BreadcrumbList\",\"@id\":\"https:\/\/praxi.gr\/homepage\/shop\/%cf%80%cf%81%ce%b5%cf%83%ce%b5%cf%82-%ce%b8%ce%b5%cf%81%ce%bc%ce%bf%ce%bc%ce%b5%cf%84%ce%b1%cf%86%ce%bf%cf%81%ce%b1%cf%82\/hotronix-auto-open-cap\/#breadcrumb\",\"itemListElement\":[{\"@type\":\"ListItem\",\"position\":1,\"name\":\"\u0391\u03c1\u03c7\u03b9\u03ba\u03ae\",\"item\":\"https:\/\/praxi.gr\/homepage\/\"},{\"@type\":\"ListItem\",\"position\":2,\"name\":\"\u03a0\u03c1\u03bf\u03ca\u03cc\u03bd\u03c4\u03b1\",\"item\":\"https:\/\/praxi.gr\/homepage\/shop\/\"},{\"@type\":\"ListItem\",\"position\":3,\"name\":\"Hotronix Auto Open Cap\"}]},{\"@type\":\"WebSite\",\"@id\":\"https:\/\/praxi.gr\/homepage\/#website\",\"url\":\"https:\/\/praxi.gr\/homepage\/\",\"name\":\"\u03a0\u03a1\u0391\u039e\u0397 Printing & IT Solutions\",\"description\":\"Printing &amp; IT Solutions\",\"publisher\":{\"@id\":\"https:\/\/praxi.gr\/homepage\/#organization\"},\"potentialAction\":[{\"@type\":\"SearchAction\",\"target\":{\"@type\":\"EntryPoint\",\"urlTemplate\":\"https:\/\/praxi.gr\/homepage\/?s={search_term_string}\"},\"query-input\":{\"@type\":\"PropertyValueSpecification\",\"valueRequired\":true,\"valueName\":\"search_term_string\"}}],\"inLanguage\":\"el\"},{\"@type\":\"Organization\",\"@id\":\"https:\/\/praxi.gr\/homepage\/#organization\",\"name\":\"\u03a0\u03a1\u0391\u039e\u0397 Printing & IT Solutions\",\"url\":\"https:\/\/praxi.gr\/homepage\/\",\"logo\":{\"@type\":\"ImageObject\",\"inLanguage\":\"el\",\"@id\":\"https:\/\/praxi.gr\/homepage\/#\/schema\/logo\/image\/\",\"url\":\"https:\/\/praxi.gr\/homepage\/wp-content\/uploads\/2021\/02\/Logo-Praxi-Printing-IT-Solutions-ai.png\",\"contentUrl\":\"https:\/\/praxi.gr\/homepage\/wp-content\/uploads\/2021\/02\/Logo-Praxi-Printing-IT-Solutions-ai.png\",\"width\":1153,\"height\":471,\"caption\":\"\u03a0\u03a1\u0391\u039e\u0397 Printing & IT Solutions\"},\"image\":{\"@id\":\"https:\/\/praxi.gr\/homepage\/#\/schema\/logo\/image\/\"},\"sameAs\":[\"https:\/\/www.facebook.com\/PRAXILTD\",\"https:\/\/www.instagram.com\/praxi_ltd\/\",\"https:\/\/www.tiktok.com\/@praxi_ltd\"]}]}<\/script>\n<!-- \/ Yoast SEO plugin. -->","yoast_head_json":{"title":"Hotronix Auto Open Cap - \u03a0\u03a1\u0391\u039e\u0397","robots":{"index":"index","follow":"follow","max-snippet":"max-snippet:-1","max-image-preview":"max-image-preview:large","max-video-preview":"max-video-preview:-1"},"canonical":"https:\/\/praxi.gr\/homepage\/shop\/\u03c0\u03c1\u03b5\u03c3\u03b5\u03c2-\u03b8\u03b5\u03c1\u03bc\u03bf\u03bc\u03b5\u03c4\u03b1\u03c6\u03bf\u03c1\u03b1\u03c2\/hotronix-auto-open-cap\/","og_locale":"el_GR","og_type":"article","og_title":"Hotronix Auto Open Cap - \u03a0\u03a1\u0391\u039e\u0397","og_description":"\u0392\u03b1\u03c3\u03b9\u03ba\u03ac \u03a7\u03b1\u03c1\u03b1\u03ba\u03c4\u03b7\u03c1\u03b9\u03c3\u03c4\u03b9\u03ba\u03ac TECHNICAL SPECIFICATIONS\u2003\u2003HOTRONIX\u00ae AUTO OPEN CAP \u0394\u03b9\u03b1\u03b8\u03ad\u03c3\u03b9\u03bc\u03b1 \u03bc\u03b5\u03b3\u03ad\u03b8\u03b7 \u03c0\u03bb\u03ac\u03ba\u03b1\u03c2:     3.5\" \u00d7 6\" (8.9 \u00d7 15.2 cm)    3.5\" \u00d7 7\" (8.9 \u00d7 17.8 cm)   \u03a1\u03c5\u03b8\u03bc\u03b9\u03b6\u03cc\u03bc\u03b5\u03bd\u03b7 \u03b8\u03b5\u03c1\u03bc\u03bf\u03ba\u03c1\u03b1\u03c3\u03af\u03b1: 79\u00b0C \u03ad\u03c9\u03c2 220\u00b0C \u03a7\u03c1\u03bf\u03bd\u03cc\u03bc\u03b5\u03c4\u03c1\u03bf: 1\u2013999 \u03b4\u03b5\u03c5\u03c4\u03b5\u03c1\u03cc\u03bb\u03b5\u03c0\u03c4\u03b1 (\u03b4\u03b9\u03c0\u03bb\u03cc \u03c7\u03c1\u03bf\u03bd\u03cc\u03bc\u03b5\u03c4\u03c1\u03bf \u03b3\u03b9\u03b1 \u03b5\u03c6\u03b1\u03c1\u03bc\u03bf\u03b3\u03ad\u03c2 \u03b4\u03cd\u03bf \u03b2\u03b7\u03bc\u03ac\u03c4\u03c9\u03bd) \u03a4\u03c1\u03bf\u03c6\u03bf\u03b4\u03bf\u03c3\u03af\u03b1 \u03c1\u03b5\u03cd\u03bc\u03b1\u03c4\u03bf\u03c2: 230 Volt, 50 Hz, \u03bc\u03bf\u03bd\u03bf\u03c6\u03b1\u03c3\u03b9\u03ba\u03ae \u039a\u03b1\u03c4\u03b1\u03bd\u03ac\u03bb\u03c9\u03c3\u03b7 \u03b9\u03c3\u03c7\u03cd\u03bf\u03c2: 500 W (4.5 Amp) \u039a\u03b1\u03b8\u03b1\u03c1\u03cc \u03b2\u03ac\u03c1\u03bf\u03c2: 14 kg \u0394\u03b9\u03b1\u03c3\u03c4\u03ac\u03c3\u03b5\u03b9\u03c2 \u03c3\u03c5\u03c3\u03ba\u03b5\u03c5\u03b1\u03c3\u03af\u03b1\u03c2: 66 \u00d7 38 \u00d7 53 cm \u03a7\u03b1\u03c1\u03b1\u03ba\u03c4\u03b7\u03c1\u03b9\u03c3\u03c4\u03b9\u03ba\u03ac:     \u03a8\u03b7\u03c6\u03b9\u03b1\u03ba\u03cc\u03c2 \u03ad\u03bb\u03b5\u03b3\u03c7\u03bf\u03c2 \u03c7\u03c1\u03cc\u03bd\u03bf\u03c5, \u03b8\u03b5\u03c1\u03bc\u03bf\u03ba\u03c1\u03b1\u03c3\u03af\u03b1\u03c2 \u03ba\u03b1\u03b9 \u03c0\u03af\u03b5\u03c3\u03b7\u03c2    \u0391\u03bd\u03c4\u03b9\u03ba\u03bf\u03bb\u03bb\u03b7\u03c4\u03b9\u03ba\u03ae \u03ac\u03bd\u03c9 \u03c0\u03bb\u03ac\u03ba\u03b1 \u03c0\u03ac\u03c7\u03bf\u03c5\u03c2 \u00be\"    \u0395\u03cd\u03ba\u03bf\u03bb\u03b7 \u03c1\u03cd\u03b8\u03bc\u03b9\u03c3\u03b7 \u03c0\u03af\u03b5\u03c3\u03b7\u03c2 \u03bc\u03ad\u03c3\u03c9 \u03ba\u03b5\u03bd\u03c4\u03c1\u03b9\u03ba\u03bf\u03cd \u03bc\u03bf\u03c7\u03bb\u03bf\u03cd    \u03a3\u03c5\u03bc\u03c0\u03b1\u03b3\u03ae\u03c2 \u03ba\u03b1\u03b9 \u03b5\u03cd\u03ba\u03bf\u03bb\u03b7 \u03c3\u03c4\u03b7 \u03c7\u03c1\u03ae\u03c3\u03b7 \u03c3\u03c7\u03b5\u03b4\u03af\u03b1\u03c3\u03b7    \u0391\u03c5\u03c4\u03cc\u03bc\u03b1\u03c4\u03bf \u03ac\u03bd\u03bf\u03b9\u03b3\u03bc\u03b1 \u03bc\u03b5 \u03bc\u03b1\u03b3\u03bd\u03b7\u03c4\u03b9\u03ba\u03cc \u03bc\u03b7\u03c7\u03b1\u03bd\u03b9\u03c3\u03bc\u03cc    \u0394\u03c5\u03bd\u03b1\u03c4\u03cc\u03c4\u03b7\u03c4\u03b1 \u03b1\u03bb\u03bb\u03b1\u03b3\u03ae\u03c2 \u03ba\u03ac\u03c4\u03c9 \u03c0\u03bb\u03ac\u03ba\u03b1\u03c2 \u03b3\u03b9\u03b1 \u03b4\u03b9\u03b1\u03c6\u03bf\u03c1\u03b5\u03c4\u03b9\u03ba\u03ac \u03bc\u03b5\u03b3\u03ad\u03b8\u03b7 \u03ba\u03b1\u03c0\u03ad\u03bb\u03c9\u03bd    \u039a\u03b1\u03c4\u03b1\u03c3\u03ba\u03b5\u03c5\u03ae \u03b1\u03c0\u03cc \u03c7\u03ac\u03bb\u03c5\u03b2\u03b1 \u03c5\u03c8\u03b7\u03bb\u03ae\u03c2 \u03c0\u03bf\u03b9\u03cc\u03c4\u03b7\u03c4\u03b1\u03c2 \u03bc\u03b5 \u03b1\u03bd\u03b8\u03b5\u03ba\u03c4\u03b9\u03ba\u03ae \u03b5\u03c0\u03af\u03c3\u03c4\u03c1\u03c9\u03c3\u03b7","og_url":"https:\/\/praxi.gr\/homepage\/shop\/\u03c0\u03c1\u03b5\u03c3\u03b5\u03c2-\u03b8\u03b5\u03c1\u03bc\u03bf\u03bc\u03b5\u03c4\u03b1\u03c6\u03bf\u03c1\u03b1\u03c2\/hotronix-auto-open-cap\/","og_site_name":"\u03a0\u03a1\u0391\u039e\u0397","article_publisher":"https:\/\/www.facebook.com\/PRAXILTD","article_modified_time":"2025-05-14T09:19:08+00:00","og_image":[{"width":1000,"height":847,"url":"https:\/\/praxi.gr\/homepage\/wp-content\/uploads\/2025\/05\/Image-for-site-products-97.jpg","type":"image\/jpeg"}],"twitter_card":"summary_large_image","twitter_misc":{"\u0395\u03ba\u03c4\u03b9\u03bc\u03ce\u03bc\u03b5\u03bd\u03bf\u03c2 \u03c7\u03c1\u03cc\u03bd\u03bf\u03c2 \u03b1\u03bd\u03ac\u03b3\u03bd\u03c9\u03c3\u03b7\u03c2":"1 \u03bb\u03b5\u03c0\u03c4\u03cc"},"schema":{"@context":"https:\/\/schema.org","@graph":[{"@type":"WebPage","@id":"https:\/\/praxi.gr\/homepage\/shop\/%cf%80%cf%81%ce%b5%cf%83%ce%b5%cf%82-%ce%b8%ce%b5%cf%81%ce%bc%ce%bf%ce%bc%ce%b5%cf%84%ce%b1%cf%86%ce%bf%cf%81%ce%b1%cf%82\/hotronix-auto-open-cap\/","url":"https:\/\/praxi.gr\/homepage\/shop\/%cf%80%cf%81%ce%b5%cf%83%ce%b5%cf%82-%ce%b8%ce%b5%cf%81%ce%bc%ce%bf%ce%bc%ce%b5%cf%84%ce%b1%cf%86%ce%bf%cf%81%ce%b1%cf%82\/hotronix-auto-open-cap\/","name":"Hotronix Auto Open Cap - \u03a0\u03a1\u0391\u039e\u0397","isPartOf":{"@id":"https:\/\/praxi.gr\/homepage\/#website"},"primaryImageOfPage":{"@id":"https:\/\/praxi.gr\/homepage\/shop\/%cf%80%cf%81%ce%b5%cf%83%ce%b5%cf%82-%ce%b8%ce%b5%cf%81%ce%bc%ce%bf%ce%bc%ce%b5%cf%84%ce%b1%cf%86%ce%bf%cf%81%ce%b1%cf%82\/hotronix-auto-open-cap\/#primaryimage"},"image":{"@id":"https:\/\/praxi.gr\/homepage\/shop\/%cf%80%cf%81%ce%b5%cf%83%ce%b5%cf%82-%ce%b8%ce%b5%cf%81%ce%bc%ce%bf%ce%bc%ce%b5%cf%84%ce%b1%cf%86%ce%bf%cf%81%ce%b1%cf%82\/hotronix-auto-open-cap\/#primaryimage"},"thumbnailUrl":"https:\/\/praxi.gr\/homepage\/wp-content\/uploads\/2025\/05\/Image-for-site-products-97.jpg","datePublished":"2025-05-14T09:14:27+00:00","dateModified":"2025-05-14T09:19:08+00:00","breadcrumb":{"@id":"https:\/\/praxi.gr\/homepage\/shop\/%cf%80%cf%81%ce%b5%cf%83%ce%b5%cf%82-%ce%b8%ce%b5%cf%81%ce%bc%ce%bf%ce%bc%ce%b5%cf%84%ce%b1%cf%86%ce%bf%cf%81%ce%b1%cf%82\/hotronix-auto-open-cap\/#breadcrumb"},"inLanguage":"el","potentialAction":[{"@type":"ReadAction","target":["https:\/\/praxi.gr\/homepage\/shop\/%cf%80%cf%81%ce%b5%cf%83%ce%b5%cf%82-%ce%b8%ce%b5%cf%81%ce%bc%ce%bf%ce%bc%ce%b5%cf%84%ce%b1%cf%86%ce%bf%cf%81%ce%b1%cf%82\/hotronix-auto-open-cap\/"]}]},{"@type":"ImageObject","inLanguage":"el","@id":"https:\/\/praxi.gr\/homepage\/shop\/%cf%80%cf%81%ce%b5%cf%83%ce%b5%cf%82-%ce%b8%ce%b5%cf%81%ce%bc%ce%bf%ce%bc%ce%b5%cf%84%ce%b1%cf%86%ce%bf%cf%81%ce%b1%cf%82\/hotronix-auto-open-cap\/#primaryimage","url":"https:\/\/praxi.gr\/homepage\/wp-content\/uploads\/2025\/05\/Image-for-site-products-97.jpg","contentUrl":"https:\/\/praxi.gr\/homepage\/wp-content\/uploads\/2025\/05\/Image-for-site-products-97.jpg","width":1000,"height":847},{"@type":"BreadcrumbList","@id":"https:\/\/praxi.gr\/homepage\/shop\/%cf%80%cf%81%ce%b5%cf%83%ce%b5%cf%82-%ce%b8%ce%b5%cf%81%ce%bc%ce%bf%ce%bc%ce%b5%cf%84%ce%b1%cf%86%ce%bf%cf%81%ce%b1%cf%82\/hotronix-auto-open-cap\/#breadcrumb","itemListElement":[{"@type":"ListItem","position":1,"name":"\u0391\u03c1\u03c7\u03b9\u03ba\u03ae","item":"https:\/\/praxi.gr\/homepage\/"},{"@type":"ListItem","position":2,"name":"\u03a0\u03c1\u03bf\u03ca\u03cc\u03bd\u03c4\u03b1","item":"https:\/\/praxi.gr\/homepage\/shop\/"},{"@type":"ListItem","position":3,"name":"Hotronix Auto Open Cap"}]},{"@type":"WebSite","@id":"https:\/\/praxi.gr\/homepage\/#website","url":"https:\/\/praxi.gr\/homepage\/","name":"\u03a0\u03a1\u0391\u039e\u0397 Printing & IT Solutions","description":"Printing &amp; IT Solutions","publisher":{"@id":"https:\/\/praxi.gr\/homepage\/#organization"},"potentialAction":[{"@type":"SearchAction","target":{"@type":"EntryPoint","urlTemplate":"https:\/\/praxi.gr\/homepage\/?s={search_term_string}"},"query-input":{"@type":"PropertyValueSpecification","valueRequired":true,"valueName":"search_term_string"}}],"inLanguage":"el"},{"@type":"Organization","@id":"https:\/\/praxi.gr\/homepage\/#organization","name":"\u03a0\u03a1\u0391\u039e\u0397 Printing & IT Solutions","url":"https:\/\/praxi.gr\/homepage\/","logo":{"@type":"ImageObject","inLanguage":"el","@id":"https:\/\/praxi.gr\/homepage\/#\/schema\/logo\/image\/","url":"https:\/\/praxi.gr\/homepage\/wp-content\/uploads\/2021\/02\/Logo-Praxi-Printing-IT-Solutions-ai.png","contentUrl":"https:\/\/praxi.gr\/homepage\/wp-content\/uploads\/2021\/02\/Logo-Praxi-Printing-IT-Solutions-ai.png","width":1153,"height":471,"caption":"\u03a0\u03a1\u0391\u039e\u0397 Printing & IT Solutions"},"image":{"@id":"https:\/\/praxi.gr\/homepage\/#\/schema\/logo\/image\/"},"sameAs":["https:\/\/www.facebook.com\/PRAXILTD","https:\/\/www.instagram.com\/praxi_ltd\/","https:\/\/www.tiktok.com\/@praxi_ltd"]}]}},"_links":{"self":[{"href":"https:\/\/praxi.gr\/homepage\/wp-json\/wp\/v2\/product\/108315","targetHints":{"allow":["GET"]}}],"collection":[{"href":"https:\/\/praxi.gr\/homepage\/wp-json\/wp\/v2\/product"}],"about":[{"href":"https:\/\/praxi.gr\/homepage\/wp-json\/wp\/v2\/types\/product"}],"version-history":[{"count":3,"href":"https:\/\/praxi.gr\/homepage\/wp-json\/wp\/v2\/product\/108315\/revisions"}],"predecessor-version":[{"id":108318,"href":"https:\/\/praxi.gr\/homepage\/wp-json\/wp\/v2\/product\/108315\/revisions\/108318"}],"wp:featuredmedia":[{"embeddable":true,"href":"https:\/\/praxi.gr\/homepage\/wp-json\/wp\/v2\/media\/108316"}],"wp:attachment":[{"href":"https:\/\/praxi.gr\/homepage\/wp-json\/wp\/v2\/media?parent=108315"}],"wp:term":[{"taxonomy":"product_brand","embeddable":true,"href":"https:\/\/praxi.gr\/homepage\/wp-json\/wp\/v2\/product_brand?post=108315"},{"taxonomy":"product_cat","embeddable":true,"href":"https:\/\/praxi.gr\/homepage\/wp-json\/wp\/v2\/product_cat?post=108315"},{"taxonomy":"product_tag","embeddable":true,"href":"https:\/\/praxi.gr\/homepage\/wp-json\/wp\/v2\/product_tag?post=108315"}],"curies":[{"name":"wp","href":"https:\/\/api.w.org\/{rel}","templated":true}]}}